, 68639
List the prime factors of 2111946426.
2, 3, 1193, 32783
List the prime factors of 10135541.
13, 779657
List the prime factors of 9575810.
2, 5, 19, 101, 499
What are the prime factors of 1987228400?
2, 5, 773, 6427
List the prime factors of 49822290.
2, 3, 5, 7, 29, 101
What are the prime factors of 601658805?
3, 5, 11, 41, 88937
List the prime factors of 6339779.
31, 204509
List the prime factors of 1447678782.
2, 3, 11, 29, 53, 67, 71
What are the prime factors of 1701844302?
2, 3, 283640717
List the prime factors of 202938862.
2, 7, 2557, 5669
What are the prime factors of 650631316?
2, 162657829
What are the prime factors of 5077597?
7, 725371
What are the prime factors of 173233467?
3, 11, 1749833
List the prime factors of 76183306.
2, 31, 1228763
List the prime factors of 1712487342.
2, 3, 401, 711757
What are the prime factors of 331555787?
23, 14415469
List the prime factors of 119989203.
3, 39996401
What are the prime factors of 40698366?
2, 3, 139, 48799
What are the prime factors of 548132190?
2, 3, 5, 17, 29, 37061
List the prime factors of 852010996.
2, 19, 41, 127, 2153
What are the prime factors of 48522119?
48522119
List the prime factors of 5325136661.
13, 17, 2647, 9103
List the prime factors of 3197275574.
2, 383, 4173989
What are the prime factors of 8500379?
461, 18439
List the prime factors of 44128858.
2, 23, 959323
What are the prime factors of 60966216?
2, 3, 17, 16603
What are the prime factors of 27650593?
27650593
List the prime factors of 38562511.
13, 17, 174491
What are the prime factors of 46118826?
2, 3, 13, 197089
What are the prime factors of 889603646?
2, 444801823
List the prime factors of 510076416.
2, 3, 332081
What are the prime factors of 308240667?
3, 7, 19, 85837
List the prime factors of 912219206.
2, 31, 89, 165317
List the prime factors of 906997207.
167, 5431121
List the prime factors of 103050056.
2, 17, 41, 18481
List the prime factors of 2835158920.
2, 5, 11, 6443543
What are the prime factors of 273225713?
10607, 25759
What are the prime factors of 473981262?
2, 3, 73, 1082149
List the prime factors of 284629506.
2, 3, 7, 6776893
What are the prime factors of 414082185?
3, 5, 11, 199, 12611
What are the prime factors of 155246349?
3, 89, 581447
List the prime factors of 2674134395.
5, 10433, 51263
What are the prime factors of 110623367?
110623367
What are the prime factors of 822149269?
10009, 82141
List the prime factors of 332218046.
2, 17, 9771119
List the prime factors of 40237025.
5, 139, 11579
What are the prime factors of 2807509334?
2, 7, 409, 490309
What are the prime factors of 124080215?
5, 7, 113, 137, 229
What are the prime factors of 182279920?
2, 5, 19, 119921
List the prime factors of 1988191395.
3, 5, 17, 152879
What are the prime factors of 392571463?
17, 29, 796291
List the prime factors of 1557211139.
11, 19, 353, 21107
What are the prime factors of 149189027?
13, 137, 211, 397
List the prime factors of 36329536.
2, 567649
List the prime factors of 725451528.
2, 3, 61, 495527
What are the prime factors of 287116281?
3, 17, 701, 2677
List the prime factors of 162362967.
3, 13, 29, 89, 1613
List the prime factors of 1486008750.
2, 3, 5, 396269
What are the prime factors of 369120157?
7, 271, 194581
What are the prime factors of 89642909?
89642909
What are the prime factors of 221483616?
2, 3, 17, 113, 1201
What are the prime factors of 6929712799?
1097, 6316967
List the prime factors of 359489462.
2, 19, 9460249
List the prime factors of 3927203273.
7, 37, 3877, 3911
What are the prime factors of 359034425?
5, 14361377
What are the prime factors of 855207991?
11, 77746181
What are the prime factors of 45265439?
45265439
What are the prime factors of 7104556?
2, 19, 93481
List the prime factors of 512629543.
17, 23, 61, 21493
List the prime factors of 1265898840.
2, 3, 5, 23, 61, 73, 103
What are the prime factors of 137102496?
2, 3, 1428151
List the prime factors of 2610213200.
2, 5, 7, 932219
List the prime factors of 2016758605.
5, 523, 771227
What are the prime factors of 1327134707?
23, 31, 1861339
List the prime factors of 106274451.
3, 35424817
What are the prime factors of 149458341?
3, 6481, 7687
What are the prime factors of 769159328?
2, 7, 157, 21871
What are the prime factors of 20186698?
2, 7, 67, 21521
List the prime factors of 2023963369.
7537, 268537
What are the prime factors of 3660840903?
3, 19, 4789, 13411
List the prime factors of 3095919174.
2, 3, 1901, 271429
What are the prime factors of 156272475?
3, 5, 67, 137, 227
What are the prime factors of 1621360762?
2, 7, 229, 505727
List the prime factors of 5273927189.
5273927189
What are the prime factors of 430642733?
19, 167, 135721
What are the prime factors of 25790153?
23, 43, 89, 293
What are the prime factors of 14514651?
3, 17, 19, 4993
What are the prime factors of 622684?
2, 155671
What are the prime factors of 366078656?
2, 547, 10457
List the prime factors of 1226487592.
2, 11, 13937359
List the prime factors of 42312460.
2, 5, 37, 57179
List the prime factors of 85020497.
19, 4474763
List the prime factors of 6390268.
2, 1597567
What are the prime factors of 1463184929?
33577, 43577
List the prime factors of 861371070.
2, 3, 5, 7, 4101767
List the prime factors of 631374029.
11, 13, 339631
List the prime factors of 959249338.
2, 277, 1731497
What are the prime factors of 280329113?
280329113
What are the prime factors of 644257239?
3, 1123, 191231
What are the prime factors of 3307175240?
2, 5, 17, 4863493
What are the prime factors of 251583513?
3, 5527, 15173
List the prime factors of 572062394.
2, 23, 83, 269, 557
What are the prime factors of 594722400?
2, 3, 5, 383, 647
List the prime factors of 1445602146.
2, 3, 240933691
What are the prime factors of 182075808?
2, 3, 71, 26713
What are the prime factors of 85427882?
2, 3371, 12671
List the prime factors of 324262655.
5, 1487, 43613
List the prime factors of 160736512.
2, 23, 27299
List the prime factors of 215674310.
2, 5, 21567431
What are the prime factors of 6584524?
2, 31, 53101
List the prime factors of 58410776.
2, 17, 311, 1381
What are the prime factors of 246638490?
2, 3, 5, 7, 1174469
List the prime factors of 278280946.
2, 139140473
What are the prime factors of 6147287040?
2, 3, 5, 17, 79, 149
List the prime factors of 77041885.
5, 3121, 4937
What are the prime factors of 41472887?
23, 1803169
What are the prime factors of 122514837?
3, 40838279
What are the prime factors of 3177339640?
2, 5, 823, 96517
List the prime factors of 65620160.
2, 5, 205063
List the prime factors of 5739706538.
2, 719, 3991451
List the prime factors of 3041726142.
2, 3, 7, 13, 5570927
What are the prime factors of 25104907?
37, 433, 1567
What are the prime factors of 16807597?
16807597
What are the prime factors of 1769125022?
2, 7, 126366073
What are the prime factors of 830838823?
349, 2380627
List the prime factors of 118930542.
2, 3, 19821757
List the prime factors of 3700434704.
2, 61, 3791429
List the prime factors of 48595436.
2, 389, 31231
What are the prime factors of 32326085?
5, 11, 587747
What are the prime factors of 433319356?
2, 23, 61, 77213
List the prime factors of 6592773.
3, 11, 29, 83
List the prime factors of 343568598.
2, 3, 31, 1847143
What are the prime factors of 3007983120?
2, 3, 5, 12533263
List the prime factors of 5134908697.
9967, 515191
List the prime factors of 53413037.
41, 1302757
List the prime factors of 161163480.
2, 3, 5, 1343029
List the prime factors of 10716486.
2, 3, 11, 29, 509
What are the prime factors of 209641259?
181, 907, 1277
List the prime factors of 1313659662.
2, 3, 7, 59, 530129
What are the prime factors of 179589304?
2, 22448663
What are the prime factors of 24602358?
2, 3, 11, 372763
List the prime factors of 706842225.
3, 5, 331, 9491
What are the prime factors of 93352502?
2, 46676251
List the prime factors of 85848471.
3, 397, 8009
What are the prime factors of 171338530?
2, 5, 11, 1557623
List the prime factors of 1392573217.
7, 198939031
List the prime factors of 74375740.
2, 5, 929, 4003
List the prime factors of 26130328.
2, 7, 191, 349
List the prime factors of 21223238.
2, 10611619
List the prime factors of 120896174.
2, 7, 8635441
List the prime factors of 888755238.
